11
2235642 (base 7) to base 6
5543430
What is 23a55 (base 16) in base 15?
2d3da
Convert -2b55d (base 14) to base 16.
-1a62f
19c85c (base 13) to base 5
131444020
What is 23001012023 (base 4) in base 9?
5381622
What is c871a0 (base 14) in base 6?
401200224
What is -1103625 (base 7) in base 13?
-49a70
-2789c (base 15) to base 11
-87313
What is -1763716 (base 10) in base 11?
-aa5119
Convert -323010301232 (base 4) to base 6.
-1311530422
20000022111121 (base 3) to base 4
30023333131
-10001010000100100100 (base 2) to base 16
-8a124
Convert -110112120210 (base 3) to base 11.
-15949a
What is -2042331 (base 6) in base 3?
-12000212201
Convert -348214 (base 10) to base 9.
-580584
3c75 (base 13) to base 16
220b
What is -10020210111212 (base 3) in base 8?
-6457150
Convert 1795975 (base 12) to base 13.
10355a5
Convert 121201201210 (base 3) to base 5.
41014223
What is 4142030 (base 6) in base 8?
606542
Convert 22040 (base 14) to base 9.
134888
What is 63cc6 (base 14) in base 7?
2023236
Convert a2a90 (base 12) to base 5.
23243424
Convert -2034672 (base 8) to base 3.
-1000101110102
What is 6012170 (base 8) in base 6?
53454012
Convert -10112001222221 (base 3) to base 16.
-1c8ded
What is a71d4 (base 14) in base 9?
674751
Convert -49276 (base 11) to base 2.
-10001010011010100
-21112211202 (base 3) to base 15
-2e06b
What is 10254220 (base 7) in base 15?
122e81
What is -443350 (base 14) in base 2?
-1000110100111001111010
What is 3617 (base 13) in base 2?
1110111001001
2520350 (base 8) to base 7
5630523
What is -1011001011100011000110 (base 2) in base 4?
-23023203012
What is 16c3c (base 14) in base 13?
200c8
Convert -adc5d (base 16) to base 5.
-140234043
Convert -2a415 (base 13) to base 5.
-10023121
What is -1100313130 (base 4) in base 12?
-13b824
-1424443 (base 6) to base 5
-10101022
1001111000101001001 (base 2) to base 12
137549
-22211212110 (base 3) to base 10
-174135
What is 14340152 (base 8) in base 16?
31c06a
Convert -1020032213 (base 4) to base 6.
-10201355
What is -215351 (base 7) in base 2?
-1001010000011001
What is -364565 (base 9) in base 15?
-45248
Convert 61345 (base 8) to base 15.
777c
What is -2002121000 (base 3) in base 8?
-120450
-7411e (base 15) to base 13
-cb738
What is 121424 (base 13) in base 6?
13124502
-3772473 (base 8) to base 15
-159d14
What is -40c3d8 (base 14) in base 15?
-2d261c
What is -201220111020 (base 3) in base 4?
-1133222112
Convert -32015004 (base 6) to base 9.
-1675234
What is 100101101001001010 (base 2) in base 10?
154186
Convert -a6158 (base 11) to base 8.
-455724
-1000011000011101011 (base 2) to base 10
-274667
-210643 (base 8) to base 15
-15b51
Convert -54687 (base 10) to base 8.
-152637
Convert 222012202102 (base 3) to base 10.
515954
101111110001111 (base 2) to base 8
57617
What is -55024045 (base 7) in base 10?
-4712167
What is -5727d (base 16) in base 10?
-356989
What is 1655 (base 16) in base 6?
42245
-7141765 (base 9) to base 13
-a3390a
What is -10032231 (base 5) in base 16?
-139bc
-e9da1 (base 15) to base 5
-142222301
Convert -1a8922a (base 12) to base 16.
-564e02
-435 (base 16) to base 3
-1110220
Convert -102405452 (base 7) to base 5.
-3023204100
Convert -185855 (base 10) to base 8.
-552777
What is -126a36 (base 13) in base 3?
-211112010201
What is -11102212001 (base 3) in base 5?
-10243443
-4546563 (base 7) to base 4
-2022110313
What is 210221212221120 (base 3) in base 8?
54410441
Convert 3a473 (base 12) to base 8.
234427
31330222 (base 4) to base 11
39a17
What is -c431a (base 13) in base 8?
-1257462
Convert -1716 (base 8) to base 2.
-1111001110
-ca9ab2 (base 13) to base 10
-4762734
362232 (base 7) to base 16
10062
Convert -10201221101111 (base 3) to base 16.
-1e50f8
What is 79940 (base 11) in base 12?
56a93
Convert 1404165 (base 12) to base 6.
221253005
Convert -2341221442 (base 5) to base 10.
-5413997
What is -36350 (base 7) in base 8?
-22343
Convert -231040253 (base 6) to base 12.
-1510089
Convert -427175 (base 9) to base 3.
-110221012112
Convert -20959 (base 11) to base 10.
-30435
-110101000000001101000 (base 2) to base 9
-3236406
a84a (base 11) to base 6
150204
What is 4254442 (base 6) in base 2?
110011001100011010
What is -55263 (base 10) in base 2?
-1101011111011111
101010113 (base 5) to base 13
113298
What is 226131 (base 7) in base 6?
511413
What is -13a7a5 (base 16) in base 15?
-1a69d6
-32450253 (base 6) to base 7
-11152230
What is a16a73 (base 15) in base 7?
122111502
Convert -272171 (base 10) to base 3.
-111211100102
What is 1023103230 (base 4) in base 8?
1132354
-1000 (base 3) to base 9
-30
-d8c2 (base 15) to base 5
-2431412
What is -110111000202201 (base 3) in base 9?
-13430681
3530631 (base 7) to base 6
13305513
Convert -2560101 (base 7) to base 4.
-1101133131
-60624231 (base 7) to base 2
-10011010000100001001010
What is -91012 (base 11) in base 14?
-36721
What is -20430231 (base 6) in base 2?
-10010001010000001011
4580e (base 15) to base 7
1610603
Convert 25c6a (base 16) to base 12.
75662
What is 3202020001 (base 4) in base 3?
1202001112001
What is -1536462 (base 13) in base 14?
-c87c87
What is -12201120000001 (base 3) in base 12?
-102859a
44113037 (base 8) to base 11
5392196
144131402 (base 5) to base 9
1404362
-72863 (base 9) to base 13
-18b73
What is 21033 (base 9) in base 8?
33071
Convert 10220221112 (base 3) to base 9.
126845
-78587 (base 9) to base 15
-1072d
22222220101021 (base 3) to base 12
1726997
-22610331 (base 9) to base 6
-1031315214
What is -275a77 (base 15) in base 10?
-1892362
Convert 16b045 (base 12) to base 5.
100023214
What is -201565405 (base 7) in base 14?
-17bb2ac
What is -2fae72 (base 16) in base 4?
-23322321302
-31583485 (base 9) to base 2
-111010000110011011001101
What is -101001001000100000 (base 2) in base 7?
-1301124
1160011 (base 7) to base 3
21120012201
-444000001 (base 5) to base 9
-3572668
533475 (base 10) to base 9
1002710
Convert -459897 (base 11) to base 15.
-e6677
Convert -1778b0 (base 15) to base 6.
-40230420
188536 (base 12) to base 10
429306
30780170 (base 9) to base 4
320200322202
What is -377656 (base 11) in base 6?
-20434024
What is b19b37 (base 12) in base 2?
1010100101100000011011
What is 3513561 (base 7) in base 14?
b6868
What is 10001010110011111111 (base 2) in base 10?
568575
What is -101011000011100001 (base 2) in base 5?
-21120403
What is -42724545 (base 9) in base 8?
-116532311
What is 110101101101001111 (base 2) in base 3?
102011202112
What is 405342 (base 6) in base 2?
111111000111110
Convert 2235458 (base 11) to base 16.
3bc23d
-583447 (base 12) to base 6
-50202531
What is -2035b93 (base 13) in base 10?
-9752265
205526 (base 9) to base 3
20012120220
What is 2aa01c (base 14) in base 7?
15433035
Convert -790716 (base 10) to base 9.
-1434583
Convert -2e81c (base 16) to base 6.
-4025524
What is -111a0 (base 16) in base 6?
-1300144
Convert 257567 (base 11) to base 2.
1100010111100110110
Convert 3121103230 (base 4) to base 5.
211440332
-41460553 (base 7) to base 6
-202514414
Convert 1364169 (base 11) to base 6.
122154424
Convert -777c4e (base 16) to base 10.
-7830606
-360b3 (base 13) to base 6
-2042215
What is 5e21c6 (base 16) in base 2?
10111100010000111000110
-3b617 (base 16) to base 9
-410567
Convert 1100000111111100001 (base 2) to base 16.
60fe1
What is 2340026 (base 7) in base 13?
a4579
-440162 (base 11) to base 5
-134443312
What is 1034120141 (base 5) in base 3?
11020112111002
33410021 (base 5) to base 6
10150522
-225315005 (base 6) to base 9
-7767235
Convert -10101111001000000010110 (base 2) to base 12.
-1b08a9a
Convert 562493 (base 14) to base 7.
33604443
What is 6535478 (base 9) in base 3?
20121012112122
-24241443 (base 5) to base 4
-313212210
Convert 14c41 (base 14) to base 6.
1035453
What is -16ed3b (base 16) in base 11?
-936960
Convert 431100 (base 5) to base 12.
84a5
What is -501828 (base 11) in base 3?
-1112000210112
-85743 (base 11) to base 7
-1026330
Convert -243828 (base 9) to base 16.
-23f03
-11230112223 (base 4) to base 9
-2724156
Convert -14534266 (base 7) to base 9.
-2543414
2138800 (base 11) to base 14
6dc22c
What is -321303433 (base 5) in base 6?
-45002430
-411541 (base 6) to base 15
-9ad1
What is 122212201 (base 4) in base 16?
1a9a1
What is 42d57 (base 16) in base 10?
273751
Convert 17555568 (base 9) to base 5.
4230211333
Conve